List the prime factors of 1592251.
1592251
List the prime factors of 1657155417.
3, 552385139
List the prime factors of 222832288.
2, 7, 29, 34303
What are the prime factors of 89763493?
1867, 48079
List the prime factors of 6002151003.
3, 222301889
List the prime factors of 81216725.
5, 131, 24799
List the prime factors of 2202689370.
2, 3, 5, 7, 10488997
What are the prime factors of 1487064151?
37, 40190923
What are the prime factors of 35143113?
3, 83, 113, 1249
What are the prime factors of 308313268?
2, 29, 43, 113, 547
What are the prime factors of 1350987055?
5, 11, 24563401
What are the prime factors of 100128122?
2, 1553, 32237
What are the prime factors of 335926768?
2, 307, 68389
List the prime factors of 190458639.
3, 7, 103, 599
What are the prime factors of 241278245?
5, 13, 19, 79, 2473
What are the prime factors of 122690076?
2, 3, 37, 137, 2017
What are the prime factors of 201978129?
3, 47, 1432469
List the prime factors of 937350124.
2, 234337531
List the prime factors of 87770823.
3, 7, 19, 219977
List the prime factors of 2179897852.
2, 11, 251, 197383
List the prime factors of 1108926597.
3, 1483, 249253
What are the prime factors of 50210294?
2, 25105147
List the prime factors of 320629155.
3, 5, 7, 11, 277601
List the prime factors of 64048649.
7, 9149807
List the prime factors of 40217927.
19, 37, 3011
What are the prime factors of 113659311?
3, 19, 59, 33797
List the prime factors of 36581640.
2, 3, 5, 304847
What are the prime factors of 38036002?
2, 59, 322339
What are the prime factors of 5301496?
2, 31, 21377
List the prime factors of 329618292.
2, 3, 29, 67, 211
List the prime factors of 2301186191.
107, 3631, 5923
List the prime factors of 911753502.
2, 3, 11, 73, 189239
List the prime factors of 1777387136.
2, 7, 109, 18199
List the prime factors of 3813401514.
2, 3, 13, 467, 8053
What are the prime factors of 186975356?
2, 37, 1263347
What are the prime factors of 2469589362?
2, 3, 383, 358223
List the prime factors of 200821194.
2, 3, 7, 177091
What are the prime factors of 211943301?
3, 17, 4155751
What are the prime factors of 73414059?
3, 163, 150131
What are the prime factors of 59534501?
13, 41, 111697
List the prime factors of 981039761.
13, 2029, 2861
List the prime factors of 1033998411.
3, 19, 37, 307, 1597
What are the prime factors of 31378461?
3, 61, 171467
What are the prime factors of 140860686?
2, 3, 521, 45061
What are the prime factors of 976231331?
976231331
What are the prime factors of 200602831?
11, 13, 29, 61
List the prime factors of 325093359.
3, 37, 2928769
What are the prime factors of 598678221?
3, 199559407
What are the prime factors of 67746832?
2, 4234177
List the prime factors of 7139760.
2, 3, 5, 71, 419
List the prime factors of 464862686.
2, 73, 3183991
What are the prime factors of 120762232?
2, 43, 351053
What are the prime factors of 116571126?
2, 3, 7, 29, 95707
List the prime factors of 2146330544.
2, 134145659
What are the prime factors of 804291650?
2, 5, 16085833
What are the prime factors of 659263438?
2, 29, 73, 155707
List the prime factors of 276688037.
53, 5220529
List the prime factors of 34801544.
2, 421, 10333
What are the prime factors of 394651429?
2083, 189463
List the prime factors of 40249311.
3, 373, 35969
What are the prime factors of 14650809?
3, 1493, 3271
What are the prime factors of 396635278?
2, 13, 1637, 9319
List the prime factors of 487748272.
2, 11, 2771297
List the prime factors of 1064486449.
13, 2731, 29983
List the prime factors of 290501326.
2, 6529, 22247
What are the prime factors of 42857888?
2, 103, 13003
List the prime factors of 138147907.
643, 214849
What are the prime factors of 61938359?
7, 8848337
List the prime factors of 74790117.
3, 281, 29573
What are the prime factors of 2033739922?
2, 1669, 609269
What are the prime factors of 42530036?
2, 23, 113, 4091
List the prime factors of 111801004.
2, 7, 31, 151, 853
List the prime factors of 16862899.
19, 157, 5653
List the prime factors of 1345053344.
2, 107, 392831
What are the prime factors of 265687720?
2, 5, 23, 487, 593
What are the prime factors of 24258566?
2, 12129283
List the prime factors of 152300266.
2, 2579, 29527
List the prime factors of 13331329.
11, 23, 29, 79
What are the prime factors of 16683266?
2, 233, 35801
List the prime factors of 978389810.
2, 5, 107, 569, 1607
What are the prime factors of 10953281?
10953281
List the prime factors of 271978270.
2, 5, 131, 191, 1087
What are the prime factors of 318252382?
2, 7, 22732313
What are the prime factors of 228319247?
13, 31, 566549
List the prime factors of 51175297.
51175297
List the prime factors of 1870880866.
2, 19, 4639, 10613
What are the prime factors of 229317370?
2, 5, 22931737
List the prime factors of 496038436.
2, 124009609
What are the prime factors of 20092350?
2, 3, 5, 133949
List the prime factors of 104838428.
2, 19, 137, 10069
What are the prime factors of 169584364?
2, 41, 223, 4637
List the prime factors of 214533268.
2, 17, 31, 101771
What are the prime factors of 5713207337?
19, 23, 13073701
What are the prime factors of 62102191?
43, 1444237
List the prime factors of 7306940454.
2, 3, 11, 157, 705167
List the prime factors of 22736958.
2, 3, 19, 199447
List the prime factors of 2891149816.
2, 73, 4950599
What are the prime factors of 30677048?
2, 3834631
List the prime factors of 47597015.
5, 1747, 5449
What are the prime factors of 38285099?
38285099
What are the prime factors of 112060654?
2, 1877, 29851
What are the prime factors of 49890789?
3, 13, 19, 7481
What are the prime factors of 76263631?
97, 786223
List the prime factors of 40322400.
2, 3, 5, 53, 317
List the prime factors of 963257417.
17, 29, 1953869
What are the prime factors of 32740016?
2, 167, 12253
What are the prime factors of 111128621?
111128621
What are the prime factors of 3452802527?
17, 23, 8830697
What are the prime factors of 1184232445?
5, 11, 47, 41647
List the prime factors of 80855990.
2, 5, 8085599
List the prime factors of 1207889.
349, 3461
List the prime factors of 537929649.
3, 2393, 24977
List the prime factors of 3039383478.
2, 3, 71, 1933, 3691
List the prime factors of 1688529723.
3, 562843241
List the prime factors of 252175902.
2, 3, 11, 3820847
What are the prime factors of 1952369500?
2, 5, 1483, 2633
List the prime factors of 856346951.
41, 20886511
What are the prime factors of 314443271?
17, 1088039
What are the prime factors of 1134100?
2, 5, 11, 1031
List the prime factors of 278073.
3, 3433
List the prime factors of 26042850.
2, 3, 5, 101, 191
What are the prime factors of 89362488?
2, 3, 1621, 2297
What are the prime factors of 604470617?
19, 31814243
List the prime factors of 499394664.
2, 3, 89, 77933
What are the prime factors of 41866382?
2, 20933191
What are the prime factors of 2256609171?
3, 752203057
List the prime factors of 429670969.
7, 13, 4721659
What are the prime factors of 852316405?
5, 23, 41, 163, 1109
List the prime factors of 230867379.
3, 25651931
What are the prime factors of 5463208?
2, 682901
What are the prime factors of 4697766475?
5, 71, 109, 24281
What are the prime factors of 296389867?
296389867
List the prime factors of 2570583046.
2, 997, 1289159
List the prime factors of 113451950.
2, 5, 2269039
List the prime factors of 1001258885.
5, 11, 23, 547, 1447
List the prime factors of 36887687.
5573, 6619
What are the prime factors of 548148829?
548148829
List the prime factors of 886172997.
3, 295390999
List the prime factors of 59771287.
1321, 45247
What are the prime factors of 17485608?
2, 3, 7, 29, 37, 97
List the prime factors of 412517764.
2, 347, 439, 677
List the prime factors of 109287087.
3, 7, 13, 97, 4127
What are the prime factors of 3400699131?
3, 377855459
What are the prime factors of 22519566?
2, 3, 101, 4129
List the prime factors of 5906586552.
2, 3, 263, 935771
List the prime factors of 116644794.
2, 3, 7, 37, 10723
List the prime factors of 37584825.
3, 5, 501131
List the prime factors of 34673935.
5, 6934787
What are the prime factors of 1584466528?
2, 457, 108347
What are the prime factors of 201636996?
2, 3, 11, 1527553
List the prime factors of 514241855.
5, 83, 347, 3571
List the prime factors of 83923739.
61, 1375799
What are